at is the tens digit of 3030091?
9
What is the units digit of 2848749?
9
What is the thousands digit of 14573011?
3
What is the hundred thousands digit of 246125?
2
What is the ten millions digit of 11177618?
1
What is the ten thousands digit of 740695?
4
What is the tens digit of 11792315?
1
What is the tens digit of 2325058?
5
What is the tens digit of 3248262?
6
What is the units digit of 467133?
3
What is the millions digit of 5134901?
5
What is the hundreds digit of 247677?
6
What is the tens digit of 4300284?
8
What is the thousands digit of 23187?
3
What is the ten thousands digit of 272446?
7
What is the millions digit of 1338801?
1
What is the units digit of 149267?
7
What is the ten thousands digit of 2214569?
1
What is the hundreds digit of 2700830?
8
What is the hundreds digit of 2774588?
5
What is the hundreds digit of 23915850?
8
What is the millions digit of 1144757?
1
What is the hundreds digit of 3172740?
7
What is the hundred thousands digit of 1217933?
2
What is the millions digit of 1525549?
1
What is the hundred thousands digit of 237143?
2
What is the thousands digit of 131179?
1
What is the ten millions digit of 10712754?
1
What is the thousands digit of 3115292?
5
What is the hundred thousands digit of 16550140?
5
What is the ten thousands digit of 183489?
8
What is the thousands digit of 597078?
7
What is the ten thousands digit of 1062342?
6
What is the hundred thousands digit of 8296330?
2
What is the hundred thousands digit of 502365?
5
What is the hundreds digit of 291215?
2
What is the ten millions digit of 31433480?
3
What is the thousands digit of 526092?
6
What is the millions digit of 3641361?
3
What is the thousands digit of 266249?
6
What is the units digit of 4359238?
8
What is the ten thousands digit of 3812697?
1
What is the thousands digit of 4128353?
8
What is the thousands digit of 4738002?
8
What is the hundred thousands digit of 1106589?
1
What is the hundred thousands digit of 974061?
9
What is the thousands digit of 28804?
8
What is the millions digit of 2539359?
2
What is the thousands digit of 11970082?
0
What is the tens digit of 18208265?
6
What is the hundred thousands digit of 349071?
3
What is the hundreds digit of 12425?
4
What is the hundred thousands digit of 1085878?
0
What is the tens digit of 7298971?
7
What is the units digit of 264353?
3
What is the units digit of 862360?
0
What is the units digit of 616651?
1
What is the hundred thousands digit of 2907981?
9
What is the hundred thousands digit of 4889905?
8
What is the millions digit of 12677765?
2
What is the hundred thousands digit of 23980890?
9
What is the hundred thousands digit of 610238?
6
What is the hundred thousands digit of 3480760?
4
What is the hundreds digit of 21593?
5
What is the units digit of 720225?
5
What is the hundreds digit of 2142646?
6
What is the thousands digit of 430806?
0
What is the tens digit of 1198853?
5
What is the hundreds digit of 15181714?
7
What is the tens digit of 126832?
3
What is the hundreds digit of 12080?
0
What is the thousands digit of 27354?
7
What is the tens digit of 597457?
5
What is the hundreds digit of 2560765?
7
What is the millions digit of 3611867?
3
What is the units digit of 32442?
2
What is the thousands digit of 3656801?
6
What is the units digit of 1093993?
3
What is the thousands digit of 831850?
1
What is the ten thousands digit of 135890?
3
What is the thousands digit of 1831842?
1
What is the ten thousands digit of 2503026?
0
What is the hundreds digit of 7729634?
6
What is the hundred thousands digit of 19462410?
4
What is the hundred thousands digit of 161278?
1
What is the ten thousands digit of 186014?
8
What is the thousands digit of 307908?
7
What is the thousands digit of 1923012?
3
What is the tens digit of 1308042?
4
What is the hundred thousands digit of 346153?
3
What is the millions digit of 1888164?
1
What is the tens digit of 666866?
6
What is the tens digit of 790491?
9
What is the thousands digit of 419914?
9
What is the tens digit of 498444?
4
What is the ten thousands digit of 1491205?
9
What is the hundreds digit of 189681?
6
What is the ten thousands digit of 912869?
1
What is the millions digit of 3186789?
3
What is the millions digit of 4827057?
4
What is the thousands digit of 2583878?
3
What is the millions digit of 1000050?
1
What is the ten thousands digit of 11926131?
2
What is the tens digit of 529554?
5
What is the thousands digit of 400183?
0
What is the tens digit of 16681?
8
What is the tens digit of 934106?
0
What is the ten thousands digit of 635701?
3
What is the thousands digit of 22132202?
2
What is the units digit of 13573188?
8
What is the ten thousands digit of 1967766?
6
What is the hundred thousands digit of 4221544?
2
What is the tens digit of 187359?
5
What is the thousands digit of 657378?
7
What is the thousands digit of 1969712?
9
What is the tens digit of 3937201?
0
What is the hundred thousands digit of 2510211?
5
What is the ten thousands digit of 130957?
3
What is the thousands digit of 363145?
3
What is the ten thousands digit of 457047?
5
What is the hundred thousands digit of 601287?
6
What is the tens digit of 4714286?
8
What is the hundreds digit of 6653435?
4
What is the tens digit of 5545376?
7
What is the units digit of 761010?
0
What is the hundreds digit of 237785?
7
What is the hundreds digit of 3128173?
1
What is the hundred thousands digit of 36364815?
3
What is the millions digit of 13276639?
3
What is the hundreds digit of 908815?
8
What is the hundreds digit of 402703?
7
What is the hundred thousands digit of 18962278?
9
What is the units digit of 12304771?
1
What is the hundred thousands digit of 282684?
2
What is the ten thousands digit of 12985709?
8
What is the ten thousands digit of 371804?
7
What is the tens digit of 20812267?
6
What is the hundreds digit of 14795774?
7
What is the units digit of 4496?
6
What is the tens digit of 645412?
1
What is the thousands digit of 13709746?
9
What is the units digit of 84754?
4
What is the ten thousands digit of 214615?
1
What is the hundreds digit of 86392?
3
What is the hundred thousands digit of 7450540?
4
What is the thousands digit of 9602?
9
What is the units digit of 336677?
7
What is the units digit of 781411?
1
What is the thousands digit of 3343377?
3
What is the thousands digit of 884171?
4
What is the hundreds digit of 186948?
9
What is the ten thousands digit of 253727?
5
What is the millions digit of 1501321?
1
What is the tens digit of 1015692?
9
What is the units digit of 2985704?
4
What is the ten thousands digit of 1976772?
7
What is the millions digit of 1263318?
1
What is the units digit of 21837996?
6
What is the ten thousands digit of 1283262?
8
What is the thousands digit of 1995493?
5
What is the ten thousands digit of 461489?
6
What is the units digit of 437040?
0
What is the units digit of 1125393?
3
What is the ten thousands digit of 6681348?
8
What is the tens digit of 28228?
2
What is the ten thousands digit of 8382081?
8
What is the thousands digit of 93042?
3
What is the ten thousands digit of 16151118?
5
What is the ten thousands digit of 2376144?
7
What is the hundred thousands digit of 279947?
2
What is the thousands digit of 644829?
4
What is the tens digit of 2561781?
8
What is the millions digit of 24580444?
4
What is the hundreds digit of 249750?
7
What is the ten thousands digit of 106455?
0
What is the thousands digit of 27548740?
8
What is the units digit of 426340?
0
What is the hundred thousands digit of 821015?
8
What is the ten thousands digit of 688224?
8
What is the hundred thousands digit of 11428957?
4
What is the tens digit of 5602067?
6
What is the ten thousands digit of 216841?
1
What is the ten thousands digit of 229890?
2
What is the thousands digit of 1559247?
9
What is the millions digit of 2053573?
2
What is the ten thousands digit of 784130?
8
What is the hundreds digit of 2571902?
9
What is the hundreds digit of 9199581?
5
What is the thousands digit of 3740102?
0
What is the thousands digit of 232463?
2
What is the thousands digit of 836813?
6
What is the tens digit of 1703269?
6
What is the tens digit of 1008391?
9
What is the units digit of 6490834?
4
What is the ten thousands digit of 75096